se 10) in base 12?
-b426
What is 24396 (base 10) in base 12?
12150
-21234 (base 5) to base 6
-10404
Convert 863 (base 13) to base 4.
112121
-64 (base 7) to base 9
-51
2b9 (base 13) to base 3
200011
-2122010100 (base 3) to base 9
-78110
What is -13632 (base 7) in base 4?
-322203
-1323 (base 12) to base 7
-6243
Convert 120200120 (base 3) to base 14.
424c
-271 (base 13) to base 16
-1ae
Convert -1121110 (base 3) to base 5.
-14143
Convert 128 (base 12) to base 3.
20112
Convert 36a (base 12) to base 14.
28a
55544 (base 6) to base 12
45b4
Convert 7a93 (base 11) to base 12.
6199
-11879 (base 10) to base 11
-8a1a
What is 4043133 (base 5) in base 6?
1222510
224030 (base 5) to base 4
1331033
10011000001100010 (base 2) to base 6
1400430
What is 21cc (base 14) in base 12?
3488
22101020 (base 3) to base 10
6108
-67b2 (base 12) to base 16
-2cf6
Convert cb5d (base 15) to base 11.
2a399
What is -6ebd (base 15) in base 8?
-56032
Convert -34c6 (base 15) to base 3.
-120101020
Convert 2586 (base 10) to base 2.
101000011010
What is 10ae (base 15) in base 10?
3539
-3048 (base 9) to base 4
-202313
1204 (base 11) to base 15
702
-114 (base 14) to base 8
-326
What is 22313 (base 4) in base 12?
49b
Convert -d5 (base 16) to base 11.
-184
Convert -6414 (base 7) to base 5.
-33030
Convert -16c8 (base 13) to base 8.
-6457
What is 14466 (base 8) in base 7?
24550
12057 (base 10) to base 15
388c
Convert 11001 (base 3) to base 6.
301
-756 (base 8) to base 14
-274
Convert 54570 (base 9) to base 14.
d28d
What is -839a (base 14) in base 10?
-22676
-33d (base 15) to base 10
-733
What is 203a (base 13) in base 15?
14b3
What is bb (base 16) in base 8?
273
-142333 (base 5) to base 10
-5968
4531 (base 6) to base 2
10000100111
What is 161645 (base 7) in base 4?
13302023
Convert -157 (base 13) to base 3.
-22221
Convert 550 (base 6) to base 13.
132
Convert -1825 (base 13) to base 14.
-143a
Convert 11303020 (base 4) to base 10.
23752
Convert 6a8 (base 11) to base 7.
2314
598 (base 13) to base 5
12340
Convert -10950 (base 15) to base 5.
-3141400
Convert -14344 (base 6) to base 8.
-4370
What is -12032 (base 5) in base 4?
-31330
Convert -492a (base 11) to base 12.
-3891
Convert 1011010001011 (base 2) to base 7.
22553
3222 (base 6) to base 16
2de
What is 3085 (base 9) in base 10?
2264
What is 1722 (base 10) in base 3?
2100210
What is -2961 (base 13) in base 4?
-1131222
What is -8723 (base 9) in base 6?
-45420
What is -9a00 (base 11) in base 5?
-410224
-3312 (base 5) to base 14
-249
Convert 11023 (base 4) to base 14.
199
Convert -132420 (base 5) to base 10.
-5360
Convert 231 (base 10) to base 9.
276
-21a76 (base 13) to base 5
-3423411
What is -3dc3 (base 16) in base 9?
-23617
Convert -10120 (base 4) to base 16.
-118
3cb (base 16) to base 11
803
-9d3 (base 14) to base 4
-132131
What is 1010101001001 (base 2) in base 5?
133244
-388 (base 9) to base 5
-2243
Convert b (base 15) to base 16.
b
Convert 30310 (base 7) to base 9.
11074
477 (base 16) to base 11
94a
What is 33377 (base 8) in base 11?
a63a
What is 104314 (base 6) in base 8?
21066
What is 1930 (base 15) in base 9?
7420
2430 (base 7) to base 9
1213
15034 (base 6) to base 13
1126
What is 10555 (base 6) in base 16?
5e7
What is -1b86 (base 16) in base 3?
-100122222
Convert -163 (base 13) to base 6.
-1054
-dec (base 16) to base 7
-13251
Convert 3154 (base 9) to base 14.
bb7
211110112 (base 3) to base 13
75b9
Convert 105 (base 15) to base 6.
1022
Convert -4066 (base 12) to base 2.
-1101101001110
What is -11000001 (base 2) in base 9?
-234
What is 309 (base 13) in base 9?
633
24736 (base 10) to base 14
902c
Convert 434305 (base 6) to base 3.
1211100012
-1a6 (base 14) to base 5
-2332
What is 404141 (base 7) in base 2?
10000110001000110
What is 4001 (base 5) in base 16?
1f5
1243 (base 6) to base 7
630
What is 4695 (base 12) in base 3?
101211012
What is 1054 (base 6) in base 2?
11111010
881 (base 11) to base 5
13212
Convert -434 (base 5) to base 12.
-9b
What is -310 (base 7) in base 9?
-181
What is 1491 (base 11) in base 16?
77b
Convert -8b5 (base 14) to base 5.
-23402
Convert 101000100011 (base 2) to base 8.
5043
b1 (base 15) to base 9
204
What is 102112 (base 3) in base 4?
10313
What is 16 (base 7) in base 10?
13
Convert 37a (base 15) to base 10.
790
Convert -2085 (base 10) to base 2.
-100000100101
Convert -2113 (base 13) to base 9.
-6247
Convert 5031 (base 6) to base 2.
10001001011
-34016 (base 8) to base 11
-a866
-2121 (base 8) to base 9
-1457
Convert 24 (base 8) to base 14.
16
What is -648 (base 12) in base 9?
-1232
-202213 (base 4) to base 13
-1015
What is -517 (base 16) in base 14?
-691
What is 125678 (base 9) in base 3?
10212202122
Convert 1111000000 (base 2) to base 16.
3c0
101010000001101 (base 2) to base 14
7bad
-1b4 (base 12) to base 15
-13a
What is 11001 (base 8) in base 15?
1574
What is 201310 (base 4) in base 9?
2864
-16152 (base 9) to base 2
-10101100110111
-b83 (base 15) to base 14
-d38
Convert -133112 (base 6) to base 5.
-343411
Convert 43455 (base 7) to base 15.
3349
Convert -38a (base 11) to base 8.
-715
What is 92 (base 10) in base 11?
84
Convert 4410 (base 7) to base 2.
11000100111
-8ef (base 16) to base 11
-179a
3192 (base 11) to base 10
4215
32430 (base 8) to base 14
4d4c
What is 223210 (base 4) in base 8?
5344
What is 17736 (base 10) in base 2?
100010101001000
What is -3310 (base 4) in base 7?
-466
What is 211021 (base 3) in base 10?
601
What is 9912 (base 11) in base 7?
53065
Convert -11133200 (base 4) to base 7.
-122405
-220211122 (base 3) to base 9
-26748
2c87 (base 15) to base 3
111010201
Convert -1000111011100011 (base 2) to base 3.
-1212011210
-45145 (base 7) to base 4
-2302021
5ab (base 13) to base 7
2606
What is -10010111100 (base 2) in base 6?
-5340
What is -34d4 (base 15) in base 12?
-65b4
What is -133343 (base 5) in base 15?
-194d
Convert 11011000110111 (base 2) to base 10.
13879
-336 (base 7) to base 2
-10101110
What is 61ec (base 15) in base 9?
31346
Convert -4112 (base 6) to base 8.
-1614
Convert -a3b (base 12) to base 5.
-21422
What is 22012 (base 3) in base 13?
140
What is -2150 (base 8) in base 2?
-10001101000
What is -1222120 (base 3) in base 6?
-10410
-578 (base 13) to base 2
-1110110000
20210111 (base 3) to base 7
20305
a32a (base 13) to base 12
11041
Convert -7a6 (base 11) to base 16.
-3c3
646 (base 8) to base 2
110100110
4111 (base 5) to base 6
2243
What is -e419 (base 16) in base 4?
-32100121
Convert 3233233 (base 4) to base 2.
11101111101111
What is -105101 (base 6) in base 15?
-297d
Convert -510 (base 7) to base 8.
-374
Convert -3224 (base 5) to base 10.
-439
-2145 (base 13) to base 14
-1980
What is 1033022 (base 4) in base 13?
23c9
What is 120044 (base 6) in base 10?
10396
-1d3a (base 15) to base 11
-4858
What is -4553 (base 6) in base 3?
-1110220
-c4b (base 14) to base 15
-ab4
Convert -1618 (base 16) to base 7.
-22330
What is 221302 (base 4) in base 12?
166a
Convert -40024 (base 5) to base 12.
-1556
What is -302 (base 6) in base 12?
-92
Convert 59cc (base 16) to base 11.
162a9
What is 2832 (base 12) in base 6?
33302
-2b4b (base 13) to base 16
-18ac
What is 12111 (base 3) in base 2?
10010100
What is -2309 (base 15) in base 14?
-29d0
Convert 2333 (base 5) to base 4.
11113
What is -7bd (base 14) in base 7?
-4326
22b0 (base 13) to base 15
16a0
963 (base 15) to base 7
6114
Convert -3546 (base 7) to base 6.
-10020
Convert -152344 (base 6) to base 4.
-3213220
280 (base 9) to base 7
453
What is 8024 (base 10) in base 4?
1331120
Convert -140 (base 12) to base 16.
-c0
-2a87 (base 13) to base 3
-22111110
What is -8d7 (base 15) in base 11?
-1560
-10000111001 (base 2) to base 14
-573
What is 1050 (base 8) in base 11?
462
What is 132310 (base 4) in base 2?
11110110100
4350 (base 7) to base 9
2116
What is -304312 (base 5) in base 4?
-2123211
What is 5805 (base 10) in base 7?
22632
-1122 (base 4) to base 16
-5a
What is -1315 (base 16) in base 4?
-1030111
-55 (base 7) to base 3
-1111
Convert -3202100 (base 4) to base 12.
-8468
1042 (base 11) to base 15
61c
What is -6031 (base 8) in base 14?
-11b3
Convert 110010110101110 (base 2) to base 8.
62656
2872 (base 9) to base 13
cb0
-23775 (base 8) to base 2
-10011111111101
-14d6 (base 16) to base 5
-132314
Convert -16b (base 16) to base 15.
-193
What is -7b9 (base 14) in 